{"id":74,"date":"2018-04-01T14:50:56","date_gmt":"2018-04-01T13:50:56","guid":{"rendered":"https:\/\/ivfb.ai1.de\/?page_id=74"},"modified":"2026-02-24T18:45:48","modified_gmt":"2026-02-24T17:45:48","slug":"imkerberater","status":"publish","type":"page","link":"https:\/\/www.imkerverein-friedberg.de\/?page_id=74","title":{"rendered":"Imker*innenberatung"},"content":{"rendered":"<h1><strong>Unsere Imkerberater*innen \u2013 immer bienenflei\u00dfig im Einsatz<\/strong><\/h1>\n<p>Auch wenn man sich noch so viel Wissen \u00fcber Bienen aneignet, gerade als Neu-Imker*in wei\u00df man in der Praxis professionellen Rat zu sch\u00e4tzen. Mit unseren Imkerberater*innen haben wir wahre Sch\u00e4tze.<\/p>\n<p>Sie sind immer mit Rat und Tat zur Stelle, wenn es Fragen oder Probleme rund ums Imkern gibt. Und sie sind unerm\u00fcdlich im Einsatz, um f\u00fcr unsere Vereinsmitglieder Fortbildungen oder <a title=\"Imkerpraxistage\" href=\"https:\/\/www.imkerverein-friedberg.de\/?page_id=55\">Imkerpraxistage<\/a> am <a title=\"Vereinsbienenstand\" href=\"https:\/\/www.imkerverein-friedberg.de\/?page_id=53\">Vereinsbienenstand<\/a> zu gestalten.<\/p>\n<p>Du bist Mitglied im Imkerverein Friedberg und Umgebung e.V. und ben\u00f6tigst den Rat einer erfahrenen Imkerin oder einem erfahrenem Imker? Dann frage nach!<\/p>\n<p><!--\n<img loading=\"lazy\" class=\" size-full wp-image-498 alignleft\" src=\"https:\/\/www.imkerverein-friedberg.de\/wp-content\/uploads\/2018\/04\/witzel_klein.jpg\" alt=\"witzel_klein\" width=\"186\" height=\"248\" \/><strong>Reinhold Witzel<\/strong>\nNauheimer Str.1\n61239 Ober-M\u00f6rlen\nTel. 06002\/6063\n<a href=\"mailto:reinhold.witzel@imkerverein-friedberg.de\">reinhold.witzel@imkerverein-friedberg.de<\/a>\n\n&nbsp;\n\n&nbsp;\n\n&nbsp;\n\n&nbsp;\n\n<img loading=\"lazy\" class=\" size-full wp-image-497 alignleft\" src=\"https:\/\/www.imkerverein-friedberg.de\/wp-content\/uploads\/2018\/04\/ruppel_klein.jpg\" alt=\"ruppel_klein\" width=\"186\" height=\"248\" \/><strong>Ernst Ruppel<\/strong>\nSchwalheimer Str. 24\n61169 Friedberg-Dorheim\nTel. 06031\/14655\n<a href=\"mailto:ernst.ruppel@imkerverein-friedberg.de\">ernst.ruppel@imkerverein-friedberg.de<\/a>\n\n&nbsp;\n\n&nbsp;\n\n&nbsp;\n\n&nbsp;\n--><\/p>\n<p><img loading=\"lazy\" class=\" size-full wp-image-499 alignleft\" src=\"https:\/\/www.imkerverein-friedberg.de\/wp-content\/uploads\/2018\/04\/ihl_klein.jpg\" alt=\"ihl_klein\" width=\"186\" height=\"248\" \/><strong>Andreas Ihl<\/strong><br \/>\nM\u00fchlgasse 10<br \/>\n35519 Rockenberg<br \/>\nTel. 06033\/749 239<br \/>\n<a href=\"mailto:andreas.ihl@imkerverein-friedberg.de\">andreas.ihl@imkerverein-friedberg.de<\/a><\/p>\n<p>&nbsp;<\/p>\n<p>&nbsp;<\/p>\n<p>&nbsp;<\/p>\n<p>&nbsp;<\/p>\n<p><img loading=\"lazy\" class=\" size-full wp-image-499 alignleft\" src=\"https:\/\/www.imkerverein-friedberg.de\/wp-content\/uploads\/2020\/02\/parbel_klein.jpg\" alt=\"\" width=\"186\" height=\"248\" \/><strong>Simone Maria J\u00e4ger<\/strong><br \/>\nGutenbergstr. 17<br \/>\n61169 Friedberg<br \/>\nTel. 06031\/64075<br \/>\n<a href=\"mailto:simone.jaeger@imkerverein-friedberg.de\">simone.jaeger@imkerverein-friedberg.de<\/a><\/p>\n<p>&nbsp;<\/p>\n<p>&nbsp;<\/p>\n<p>&nbsp;<\/p>\n<p>&nbsp;<\/p>\n<p><img loading=\"lazy\" class=\"size-full wp-image-1852 alignleft\" src=\"https:\/\/www.imkerverein-friedberg.de\/wp-content\/uploads\/2021\/11\/timo.jpg\" alt=\"\" width=\"186\" height=\"248\" \/><\/p>\n<p><strong>Timo Smietana<\/strong><br \/>\nAm Vogelrain 4<br \/>\n61169 Friedberg-Bruchenbr\u00fccken<br \/>\nTel. 06031\/1692858<br \/>\n<a href=\"mailto:timo.smietana@imkerverein-friedberg.de\">timo.smietana@imkerverein-friedberg.de<\/a><\/p>\n<p>&nbsp;<\/p>\n<p>&nbsp;<\/p>\n<p>&nbsp;<\/p>\n<p>&nbsp;<\/p>\n<p><img loading=\"lazy\" class=\"size-full wp-image-1852 alignleft\" src=\"https:\/\/www.imkerverein-friedberg.de\/wp-content\/uploads\/2023\/03\/anne.jpg\" alt=\"\" width=\"186\" height=\"248\" \/><\/p>\n<p><strong>Anne M\u00fchlemeier<br \/>\n<\/strong><strong>(Lehrbeauftragte des Landesverband Hessischer Imker)<\/strong><br \/>\nM\u00fchlgasse 10<br \/>\n35519 Rockenberg<br \/>\nTel. 06033\/749 199<br \/>\n<a href=\"mailto:anne.muehlemeier@imkerverein-friedberg.de\">anne.muehlemeier@imkerverein-friedberg.de<\/a><\/p>\n","protected":false},"excerpt":{"rendered":"<p>Unsere Imkerberater*innen \u2013 immer bienenflei\u00dfig im Einsatz Auch wenn man sich noch so viel Wissen \u00fcber Bienen aneignet, gerade als Neu-Imker*in wei\u00df man in der Praxis professionellen Rat zu sch\u00e4tzen. Mit unseren Imkerberater*innen haben wir wahre Sch\u00e4tze. Sie sind immer mit Rat und Tat zur Stelle, wenn es Fragen oder Probleme rund ums Imkern gibt. [&hellip;]<\/p>\n","protected":false},"author":1,"featured_media":1754,"parent":21,"menu_order":545,"comment_status":"closed","ping_status":"closed","template":"full-width-page-template.php","meta":{"wpgo_faq_disable_schema":false},"_links":{"self":[{"href":"https:\/\/www.imkerverein-friedberg.de\/index.php?rest_route=\/wp\/v2\/pages\/74"}],"collection":[{"href":"https:\/\/www.imkerverein-friedberg.de\/index.php?rest_route=\/wp\/v2\/pages"}],"about":[{"href":"https:\/\/www.imkerverein-friedberg.de\/index.php?rest_route=\/wp\/v2\/types\/page"}],"author":[{"embeddable":true,"href":"https:\/\/www.imkerverein-friedberg.de\/index.php?rest_route=\/wp\/v2\/users\/1"}],"replies":[{"embeddable":true,"href":"https:\/\/www.imkerverein-friedberg.de\/index.php?rest_route=%2Fwp%2Fv2%2Fcomments&post=74"}],"version-history":[{"count":40,"href":"https:\/\/www.imkerverein-friedberg.de\/index.php?rest_route=\/wp\/v2\/pages\/74\/revisions"}],"predecessor-version":[{"id":3443,"href":"https:\/\/www.imkerverein-friedberg.de\/index.php?rest_route=\/wp\/v2\/pages\/74\/revisions\/3443"}],"up":[{"embeddable":true,"href":"https:\/\/www.imkerverein-friedberg.de\/index.php?rest_route=\/wp\/v2\/pages\/21"}],"wp:featuredmedia":[{"embeddable":true,"href":"https:\/\/www.imkerverein-friedberg.de\/index.php?rest_route=\/wp\/v2\/media\/1754"}],"wp:attachment":[{"href":"https:\/\/www.imkerverein-friedberg.de\/index.php?rest_route=%2Fwp%2Fv2%2Fmedia&parent=74"}],"curies":[{"name":"wp","href":"https:\/\/api.w.org\/{rel}","templated":true}]}}