{"id":569,"date":"2018-04-18T16:35:22","date_gmt":"2018-04-18T15:35:22","guid":{"rendered":"https:\/\/www.imkerverein-friedberg.de\/?page_id=569"},"modified":"2021-11-26T18:34:47","modified_gmt":"2021-11-26T17:34:47","slug":"information-ueber-den-marktplatz","status":"publish","type":"page","link":"https:\/\/www.imkerverein-friedberg.de\/?page_id=569","title":{"rendered":"Information \u00fcber den Marktplatz"},"content":{"rendered":"<p>Mit dem Marktplatz stellen wir Mitgliedern unseres\u00a0Vereins unentgeltlich eine Plattform f\u00fcr den Verkauf oder die Suche von Bienenv\u00f6lkern, Schw\u00e4rmen und Imkereiausr\u00fcstung zur Verf\u00fcgung.<\/p>\n<p>Bitte schicke uns Deine aussagekr\u00e4ftige Anzeige mit Kontaktdaten und ggfs. Fotos an <a href=\"mailto:marktplatz@imkerverein-friedberg.de\">marktplatz@imkerverein-friedberg.de<\/a><\/p>\n<h2>Unsere Spielregeln f\u00fcr den Marktplatz<\/h2>\n<ul>\n<li>Wir stellen diesen Marktplatz nur Mitgliedern unseres Vereins zur Verf\u00fcgung<\/li>\n<li>Wir ver\u00f6ffentlichen Deine Anzeige hier auf dieser Webseite f\u00fcr einen, von Dir bestimmten, Zeitraum (max. 2 Monate, mit der Option der Verl\u00e4ngerung)<\/li>\n<li>Wir entfernen Deine Anzeige auf Deine Aufforderung.<br \/>\nBitte habe daf\u00fcr Verst\u00e4ndnis, dass dies ggfs. einige Tage dauern kann.<\/li>\n<\/ul>\n","protected":false},"excerpt":{"rendered":"<p>Mit dem Marktplatz stellen wir Mitgliedern unseres\u00a0Vereins unentgeltlich eine Plattform f\u00fcr den Verkauf oder die Suche von Bienenv\u00f6lkern, Schw\u00e4rmen und Imkereiausr\u00fcstung zur Verf\u00fcgung. Bitte schicke uns Deine aussagekr\u00e4ftige Anzeige mit Kontaktdaten und ggfs. Fotos an marktplatz@imkerverein-friedberg.de Unsere Spielregeln f\u00fcr den Marktplatz Wir stellen diesen Marktplatz nur Mitgliedern unseres Vereins zur Verf\u00fcgung Wir ver\u00f6ffentlichen Deine Anzeige [&hellip;]<\/p>\n","protected":false},"author":1,"featured_media":486,"parent":0,"menu_order":0,"comment_status":"closed","ping_status":"closed","template":"full-width-page-template.php","meta":{"wpgo_faq_disable_schema":false},"_links":{"self":[{"href":"https:\/\/www.imkerverein-friedberg.de\/index.php?rest_route=\/wp\/v2\/pages\/569"}],"collection":[{"href":"https:\/\/www.imkerverein-friedberg.de\/index.php?rest_route=\/wp\/v2\/pages"}],"about":[{"href":"https:\/\/www.imkerverein-friedberg.de\/index.php?rest_route=\/wp\/v2\/types\/page"}],"author":[{"embeddable":true,"href":"https:\/\/www.imkerverein-friedberg.de\/index.php?rest_route=\/wp\/v2\/users\/1"}],"replies":[{"embeddable":true,"href":"https:\/\/www.imkerverein-friedberg.de\/index.php?rest_route=%2Fwp%2Fv2%2Fcomments&post=569"}],"version-history":[{"count":5,"href":"https:\/\/www.imkerverein-friedberg.de\/index.php?rest_route=\/wp\/v2\/pages\/569\/revisions"}],"predecessor-version":[{"id":1842,"href":"https:\/\/www.imkerverein-friedberg.de\/index.php?rest_route=\/wp\/v2\/pages\/569\/revisions\/1842"}],"wp:featuredmedia":[{"embeddable":true,"href":"https:\/\/www.imkerverein-friedberg.de\/index.php?rest_route=\/wp\/v2\/media\/486"}],"wp:attachment":[{"href":"https:\/\/www.imkerverein-friedberg.de\/index.php?rest_route=%2Fwp%2Fv2%2Fmedia&parent=569"}],"curies":[{"name":"wp","href":"https:\/\/api.w.org\/{rel}","templated":true}]}}