{"id":53,"date":"2018-03-29T17:21:01","date_gmt":"2018-03-29T16:21:01","guid":{"rendered":"https:\/\/ivfb.ai1.de\/?page_id=53"},"modified":"2021-03-30T19:56:57","modified_gmt":"2021-03-30T17:56:57","slug":"vereinsbienenstand","status":"publish","type":"page","link":"https:\/\/www.imkerverein-friedberg.de\/?page_id=53","title":{"rendered":"Vereinsbienenstand"},"content":{"rendered":"<h2><a href=\"https:\/\/www.imkerverein-friedberg.de\/wp-content\/uploads\/2018\/03\/PICT1162-Kopie.jpg\" target=\"_blank\" rel=\"noopener noreferrer\"><img loading=\"lazy\" class=\"alignright wp-image-352 size-medium\" src=\"https:\/\/www.imkerverein-friedberg.de\/wp-content\/uploads\/2018\/03\/PICT1162-Kopie-300x225.jpg\" alt=\"pict1162-kopie\" width=\"300\" height=\"225\" srcset=\"https:\/\/www.imkerverein-friedberg.de\/wp-content\/uploads\/2018\/03\/PICT1162-Kopie-300x225.jpg 300w, https:\/\/www.imkerverein-friedberg.de\/wp-content\/uploads\/2018\/03\/PICT1162-Kopie.jpg 1024w, https:\/\/www.imkerverein-friedberg.de\/wp-content\/uploads\/2018\/03\/PICT1162-Kopie-900x675.jpg 900w\" sizes=\"(max-width: 300px) 100vw, 300px\" \/><\/a>Ein Bienenstand f\u00fcr unseren Verein<\/h2>\n<p>Die Bienenhaltung erfreut sich derzeit gro\u00dfer Beliebtheit. Viele Menschen wollen das Imkern erlernen und den Bienen und der Natur etwas Gutes tun. Bieneninstitute und der Landesverband Hessischer Imker bieten Lehrg\u00e4nge und Kurse an, die jedoch schnell ausgebucht sind. Unser Verein ist seit Fr\u00fchjahr 2017 in der \u00fcberaus gl\u00fccklichen Lage, seinen Neuimkern und allen, die es vielleicht werden wollen, auf einem eigenen Vereinsbienenstand mit derzeit sechs V\u00f6lkern, Imkerpraxistage anzubieten.<\/p>\n<p>Ins Leben gerufen wurde dieser Vereinsbienenstand im Sommer 2016. Im Zusammenarbeit mit Mitgliedern des NABU Friedberg schufen Ernst Ruppel, Bernd Zerb, \u00a0Reinhold Witzel<strong>\u00a0<\/strong>und andere Imker Platz f\u00fcr einige Bienenv\u00f6lker. Sogar Lehrtafeln konnten mit Hilfe des NABU Friedberg aufgestellt werden. Finanziert wurde das Projekt dank unserer\u00a0F\u00f6rdermitglieder sowie mit Spenden und Zusch\u00fcssen der Umweltlotterie GENAU, der OVAG und der Sparkasse Oberhessen.<\/p>\n<div class=\"video-wrapped video-wrapped-video video-wrapped-yt\" style=\"width: 629px; min-height: 354px; background-image: url('https:\/\/www.imkerverein-friedberg.de\/wp-content\/plugins\/wp-video-embed-privacy-master\/preview\/yt\/0k3ZCJA2HM8.jpg?s=4648c0489acf3a39b2224fd74c36468a0223817b1ea4de19bd8663e247eb7d71')\" data-embed-frame=\"&lt;iframe width=&quot;629&quot; height=&quot;354&quot; src=&quot;https:\/\/www.youtube-nocookie.com\/embed\/0k3ZCJA2HM8?feature=oembed&quot; frameborder=&quot;0&quot; allow=&quot;accelerometer; autoplay; clipboard-write; encrypted-media; gyroscope; picture-in-picture&quot; allowfullscreen&gt;&lt;\/iframe&gt;\" data-embed-play=\"&lt;span&gt;Video abspielen&lt;\/span&gt;&lt;div class=&quot;small&quot;&gt;&lt;span&gt;Das Video wird von Youtube eingebettet. Es gelten die &lt;a href=&quot;https:\/\/www.google.com\/intl\/de\/policies\/privacy\/&quot; target=&quot;_blank&quot;&gt;Datenschutzerkl\u00e4rungen von Google&lt;\/a&gt;.&lt;\/span&gt;&lt;\/div&gt;\">\n<div class=\"video-wrapped-nojs\"><span>Aktivieren Sie JavaScript um das Video zu sehen.<br \/>Video-Link: <a href=\"https:\/\/youtu.be\/0k3ZCJA2HM8\">https:\/\/youtu.be\/0k3ZCJA2HM8<\/a><\/span><\/div>\n<\/div>\n<p>Vielleicht besuchen Sie uns mal an unserem Vereinsbienenstand?<\/p>\n<p>Kommen Sie zu einem unserer <a title=\"Imkerpraxistage\" href=\"https:\/\/www.imkerverein-friedberg.de\/?page_id=55\">Imkerpraxistage<\/a>.<\/p>\n<p>&nbsp;<\/p>\n<p>Sie wollen dieses Projekt unterst\u00fctzen?<\/p>\n<p>Fragen\u00a0Sie\u00a0uns, wie Sie unsere Arbeit finanziell unterst\u00fctzen k\u00f6nnen: <a href=\"mailto:sponsoring@imkerverein-friedberg.de\">sponsoring@imkerverein-friedberg.de<\/a>.<\/p>\n<p>&nbsp;<\/p>\n<p>&nbsp;<\/p>\n","protected":false},"excerpt":{"rendered":"<p>Ein Bienenstand f\u00fcr unseren Verein Die Bienenhaltung erfreut sich derzeit gro\u00dfer Beliebtheit. Viele Menschen wollen das Imkern erlernen und den Bienen und der Natur etwas Gutes tun. Bieneninstitute und der Landesverband Hessischer Imker bieten Lehrg\u00e4nge und Kurse an, die jedoch schnell ausgebucht sind. Unser Verein ist seit Fr\u00fchjahr 2017 in der \u00fcberaus gl\u00fccklichen Lage, seinen [&hellip;]<\/p>\n","protected":false},"author":1,"featured_media":658,"parent":26,"menu_order":0,"comment_status":"closed","ping_status":"closed","template":"full-width-page-template.php","meta":{"wpgo_faq_disable_schema":false},"_links":{"self":[{"href":"https:\/\/www.imkerverein-friedberg.de\/index.php?rest_route=\/wp\/v2\/pages\/53"}],"collection":[{"href":"https:\/\/www.imkerverein-friedberg.de\/index.php?rest_route=\/wp\/v2\/pages"}],"about":[{"href":"https:\/\/www.imkerverein-friedberg.de\/index.php?rest_route=\/wp\/v2\/types\/page"}],"author":[{"embeddable":true,"href":"https:\/\/www.imkerverein-friedberg.de\/index.php?rest_route=\/wp\/v2\/users\/1"}],"replies":[{"embeddable":true,"href":"https:\/\/www.imkerverein-friedberg.de\/index.php?rest_route=%2Fwp%2Fv2%2Fcomments&post=53"}],"version-history":[{"count":24,"href":"https:\/\/www.imkerverein-friedberg.de\/index.php?rest_route=\/wp\/v2\/pages\/53\/revisions"}],"predecessor-version":[{"id":1584,"href":"https:\/\/www.imkerverein-friedberg.de\/index.php?rest_route=\/wp\/v2\/pages\/53\/revisions\/1584"}],"up":[{"embeddable":true,"href":"https:\/\/www.imkerverein-friedberg.de\/index.php?rest_route=\/wp\/v2\/pages\/26"}],"wp:featuredmedia":[{"embeddable":true,"href":"https:\/\/www.imkerverein-friedberg.de\/index.php?rest_route=\/wp\/v2\/media\/658"}],"wp:attachment":[{"href":"https:\/\/www.imkerverein-friedberg.de\/index.php?rest_route=%2Fwp%2Fv2%2Fmedia&parent=53"}],"curies":[{"name":"wp","href":"https:\/\/api.w.org\/{rel}","templated":true}]}}