{"id":3526,"date":"2026-04-28T19:47:48","date_gmt":"2026-04-28T17:47:48","guid":{"rendered":"https:\/\/www.imkerverein-friedberg.de\/?page_id=3526"},"modified":"2026-04-28T19:49:12","modified_gmt":"2026-04-28T17:49:12","slug":"termin-zum-umlarven-am-8-mai-2026","status":"publish","type":"page","link":"https:\/\/www.imkerverein-friedberg.de\/?page_id=3526","title":{"rendered":"Termin zum Umlarven am 8. Mai 2026"},"content":{"rendered":"<div><strong>Liebe Vereinsmitglieder*innen, liebe Zuchtgruppe,<\/strong><\/div>\n<div><strong>\u00a0<\/strong><\/div>\n<div><strong>der erste Termin der diesj\u00e4hrigen Zuchtstoffabgabe steht bevor und findet am Freitag, den 08.05.2026 um 17:00 Uhr am Vereinsbienenstand statt.<\/strong><\/div>\n<div><strong>\u00a0<\/strong><\/div>\n<div><strong>Neben den erforderlichen Vorbereitungsma\u00dfnahmen an Euren eigenen V\u00f6lkern, bringt bitte auch die ben\u00f6tigten Materialien zum Umlarven mit (Umlarvl\u00f6ffel, N\u00e4pfchen, Lupen, Stirnlampen etc.).<\/strong><\/div>\n<div><strong>\u00a0<\/strong><\/div>\n<div><strong>F\u00fcr alle \u201eErfolgreichen\u201c besteht im Anschluss die M\u00f6glichkeit, am Samstag, den 23.05.2026, die Belegstelle Waldhaus zu besuchen \u2026\ud83d\ude0a.<\/strong><\/div>\n<div><strong>Weitere geplante Umlarvtermine sind:<\/strong><\/div>\n<ul type=\"disc\">\n<li><strong>Freitag, 15.05.2026, 17:00 Uhr<\/strong><\/li>\n<li><strong>Freitag, 22.05.2026, 17:00 Uhr<\/strong><\/li>\n<\/ul>\n<div><strong>Bei Fragen meldet Euch gern unter: <a href=\"mailto:zucht@imkerverein-friedberg.de\" target=\"_blank\" rel=\"noopener noreferrer\" data-fr-linked=\"true\">zucht@imkerverein-friedberg.de<\/a>.<\/strong><\/div>\n<div><strong>\u00a0<\/strong><\/div>\n<div><strong>Bitte beachtet die Parkm\u00f6glichkeiten am Sauerbrunnen und denkt an einen m\u00f6glichst schonenden Transport des Zuchtmaterials zu Euren V\u00f6lkern.<\/strong><\/div>\n<div><strong>\u00a0<\/strong><\/div>\n<div><strong>Sonnige Gr\u00fc\u00dfe<br \/>\nDirk Buchinski<\/strong><\/div>\n<div><a href=\"https:\/\/www.imkerverein-friedberg.de\/wp-content\/uploads\/2025\/05\/vereinsbienenstand.png\"><img loading=\"lazy\" class=\"alignnone size-medium wp-image-3325\" src=\"https:\/\/www.imkerverein-friedberg.de\/wp-content\/uploads\/2025\/05\/vereinsbienenstand-300x163.png\" alt=\"\" width=\"300\" height=\"163\" srcset=\"https:\/\/www.imkerverein-friedberg.de\/wp-content\/uploads\/2025\/05\/vereinsbienenstand-300x163.png 300w, https:\/\/www.imkerverein-friedberg.de\/wp-content\/uploads\/2025\/05\/vereinsbienenstand-768x417.png 768w, https:\/\/www.imkerverein-friedberg.de\/wp-content\/uploads\/2025\/05\/vereinsbienenstand-1024x556.png 1024w, https:\/\/www.imkerverein-friedberg.de\/wp-content\/uploads\/2025\/05\/vereinsbienenstand-900x489.png 900w, https:\/\/www.imkerverein-friedberg.de\/wp-content\/uploads\/2025\/05\/vereinsbienenstand-1280x695.png 1280w, https:\/\/www.imkerverein-friedberg.de\/wp-content\/uploads\/2025\/05\/vereinsbienenstand.png 1399w\" sizes=\"(max-width: 300px) 100vw, 300px\" \/><\/a><\/div>\n","protected":false},"excerpt":{"rendered":"<p>Liebe Vereinsmitglieder*innen, liebe Zuchtgruppe, \u00a0 der erste Termin der diesj\u00e4hrigen Zuchtstoffabgabe steht bevor und findet am Freitag, den 08.05.2026 um 17:00 Uhr am Vereinsbienenstand statt. \u00a0 Neben den erforderlichen Vorbereitungsma\u00dfnahmen an Euren eigenen V\u00f6lkern, bringt bitte auch die ben\u00f6tigten Materialien zum Umlarven mit (Umlarvl\u00f6ffel, N\u00e4pfchen, Lupen, Stirnlampen etc.). \u00a0 F\u00fcr alle \u201eErfolgreichen\u201c besteht im Anschluss [&hellip;]<\/p>\n","protected":false},"author":4,"featured_media":0,"parent":0,"menu_order":0,"comment_status":"closed","ping_status":"closed","template":"","meta":{"wpgo_faq_disable_schema":false},"_links":{"self":[{"href":"https:\/\/www.imkerverein-friedberg.de\/index.php?rest_route=\/wp\/v2\/pages\/3526"}],"collection":[{"href":"https:\/\/www.imkerverein-friedberg.de\/index.php?rest_route=\/wp\/v2\/pages"}],"about":[{"href":"https:\/\/www.imkerverein-friedberg.de\/index.php?rest_route=\/wp\/v2\/types\/page"}],"author":[{"embeddable":true,"href":"https:\/\/www.imkerverein-friedberg.de\/index.php?rest_route=\/wp\/v2\/users\/4"}],"replies":[{"embeddable":true,"href":"https:\/\/www.imkerverein-friedberg.de\/index.php?rest_route=%2Fwp%2Fv2%2Fcomments&post=3526"}],"version-history":[{"count":1,"href":"https:\/\/www.imkerverein-friedberg.de\/index.php?rest_route=\/wp\/v2\/pages\/3526\/revisions"}],"predecessor-version":[{"id":3527,"href":"https:\/\/www.imkerverein-friedberg.de\/index.php?rest_route=\/wp\/v2\/pages\/3526\/revisions\/3527"}],"wp:attachment":[{"href":"https:\/\/www.imkerverein-friedberg.de\/index.php?rest_route=%2Fwp%2Fv2%2Fmedia&parent=3526"}],"curies":[{"name":"wp","href":"https:\/\/api.w.org\/{rel}","templated":true}]}}